 is the units digit of (s + -15)/((-2)/4)?
2
What is the tens digit of (-1812)/(-52) + (-4)/(-26)?
3
What is the units digit of 0 + (3 - -1*18)?
1
Suppose 26*s - 28*s = -48. What is the tens digit of s?
2
Let h(g) = -2*g**2 - 3*g**2 + 8 - 4*g + 2*g**2. Let b(n) = 2*n**2 + 3*n - 7. Let o(f) = -4*b(f) - 3*h(f). What is the units digit of o(-3)?
3
Suppose 5*m + 3*w = 174, 5*w = -3*m - 0*w + 114. What is the tens digit of m?
3
Suppose 7*o - 2*o = 10. Suppose -z = -o - 2. Let v(x) = x**2 - 4*x + 6. What is the units digit of v(z)?
6
Let x = 4 - 2. Suppose 4*k + 30 = 2*q, 5*k - 30 = -x*q + 4*k. What is the tens digit of q?
1
Suppose -2*m - 3*m = -315. Suppose 3*v - 3*r - 66 = 0, -4*r = -4*v - 5*r + m. What is the units digit of v?
7
Suppose 0 = 6*a - 702 - 450. What is the tens digit of a?
9
Suppose q - 32 + 9 = 0. What is the tens digit of q?
2
Let z be ((-8)/(-20))/((-2)/(-20)). Let u(i) = i**3 - 2*i**2 + i + 8. What is the units digit of u(z)?
4
Let c = 160 - 92. What is the units digit of c?
8
Suppose 1108 = 5*y + 93. What is the units digit of y?
3
Suppose 0 = 7*a - 3*a. Let c = a + 2. What is the tens digit of (1*c)/(20/130)?
1
Suppose 2*s - 11 = -5*t - s, 3*t + 3*s = 3. Suppose 3*b - 30 = b. Let f = b - t. What is the tens digit of f?
1
Let x(d) be the first derivative of d**5/60 + d**4/4 + d**3 + d**2 + 3. Let m(r) be the second derivative of x(r). What is the units digit of m(-5)?
1
Suppose -261 = -5*p + 99. Suppose r + r - 8 = 0, 0 = -4*i - 4*r + p. What is the tens digit of i?
1
Suppose 2*y + 4 = 0, 2*y = i + 6*y - 127. What is the units digit of i?
5
Let j = -22 + 50. Suppose 3*g = -g + j. What is the units digit of g?
7
Let f(u) = -16*u. Suppose 0*s = s - 4. Suppose -4*z + 2 + s = -2*k, -2*k - 2*z = 0. What is the tens digit of f(k)?
1
Let l = 32 + -22. What is the units digit of l?
0
Suppose -25 = -5*x + 5*w, 0 = 3*x - 4*w + 5*w + 5. Suppose x = 5*f - 3*s - 27, -2*s - 20 = -4*f - 0*s. What is the units digit of f?
3
Let f = -7 + 10. Suppose -11 = -l + p, 5*p - 38 = -f*l + 11. What is the units digit of l?
3
What is the tens digit of (-10)/4*((-1088)/(-20))/(-4)?
3
Let z(t) = t**2 + 4. Let x be z(0). Suppose 2*u = x*u. Suppose u = -v - 0*v + 5. What is the units digit of v?
5
Let n(d) = -3*d**3 - d**2 + d - 1. What is the tens digit of n(-3)?
6
Let y = 148 + -94. Suppose 3*w - y = -3. What is the tens digit of w?
1
Let q(m) = -166*m**3 + m**2 - m - 1. What is the hundreds digit of q(-1)?
1
Let p(v) = v**3 - 3*v**2 + 2*v + 5. What is the units digit of p(3)?
1
What is the tens digit of 0 - ((-3)/1 - 36)?
3
Let f(q) = 0*q - 2*q - 3*q. Let v be 2/((-3)/((-9)/(-6))). What is the units digit of f(v)?
5
What is the units digit of 1*19*(7 - 13 - -7)?
9
Let q be 1/(-2)*132/(-6). Suppose -5*v - 3 + q = j, -5*j - 2*v = -132. What is the tens digit of j?
2
Let a be 2/6 + (-106)/(-6). Suppose -3*p + o - 3*o + a = 0, -18 = -3*p - 3*o. What is the units digit of p?
6
Let c(z) = -8*z + 1. Let w = 4 - 5. What is the units digit of c(w)?
9
Let f be (6/4)/(5/(-30)). Let n be (-2)/f - (-68)/18. Suppose 2*m - 6*m + 3*b + 47 = 0, 3*m - n*b = 44. What is the units digit of m?
8
Let u = 18 + -17. What is the units digit of u/(-2)*6 - -12?
9
Suppose -2*j + 2*z - 15 = j, 2*j + 18 = 4*z. Let i = j + 7. What is the units digit of i?
4
Let f(n) = -n**2 + 2. Let d be f(0). Suppose -v + 30 = d*v. Suppose -5 = -5*r + v. What is the units digit of r?
3
Suppose -3*h = -5*b + 2*b - 15, 0 = -5*h - b + 25. Suppose -64 = -2*t - h*n, n + 2 = -3*t + 72. What is the tens digit of t?
2
Let j(g) = -g**2 + g - 1. Let n(z) = -z**2 + 2*z. Let k(x) = 3*j(x) - 4*n(x). What is the units digit of k(7)?
1
Suppose -28 = -3*l + 2. Let c = 26 - l. What is the units digit of c?
6
Suppose 2*x = 5*y + 56, 5*x - 102 = y + 2*y. What is the tens digit of x?
1
Let a(i) = -i**2 - 7*i + 3. Suppose -4 + 0 = 2*t. Let c = t - 5. What is the units digit of a(c)?
3
Let d(j) be the first derivative of 2*j**3/3 - 3*j**2/2 - 3*j - 1. Let i be d(-2). Let n = i + -2. What is the units digit of n?
9
Suppose -4*t - 3*t = -1337. What is the hundreds digit of t?
1
Let m(y) = 0*y**3 + 5 - 4 - 9*y**2 - 5*y + 3*y**2 - y**3. What is the units digit of m(-5)?
1
Let t = 12 + -8. Suppose -r + 131 = 5*m, r = 5*m - t*r - 155. What is the units digit of m?
7
Let a(l) = l**2 + 2*l + 80. What is the tens digit of a(0)?
8
Let d(p) = -p**3 - 7*p**2 + 8*p - 2. Suppose -4*a - 34 = -2. Let j be d(a). What is the units digit of 2 + j + 5 + 2?
7
What is the tens digit of 4/((-32)/(-66))*16/3?
4
Let b = -12 - -20. Let h(m) = m**2 - 9*m + 9. Let v be h(b). Suppose -c - v = a - 3, 2*a = 2*c - 24. What is the units digit of c?
7
Let f(q) = -q**2 + 2*q - 1. Let h be f(1). Suppose 3*p - 7 = 3*c - 7*c, -4*p + 4*c = h. What is the units digit of p?
1
Let z be (1 - -2)*(-6)/(-9). Let g(r) = -r**2 + 6*r + 7. Let j be g(7). Suppose j = -s + z - 0. What is the units digit of s?
2
Let r(n) = -15*n + 23. Let m(p) = -5*p + 8. Let w(c) = 17*m(c) - 6*r(c). What is the tens digit of w(3)?
1
Suppose 3*j = -15, -11 = -4*w + 3*w + 2*j. What is the units digit of w?
1
Let v(y) = y**3 + 8*y**2 - 2*y + 8. What is the tens digit of v(-8)?
2
What is the tens digit of 4*2/8*10?
1
Let f be (-347)/(-15) - 6/45. Suppose -4*a = -5*v - 6 + 38, -2*v = -5*a - f. What is the units digit of v?
4
Let v(y) be the second derivative of y**4/12 + 5*y**3/3 + 4*y**2 + y. Let f be v(-8). Let z(q) = q**2 + 7*q + 4. What is the tens digit of z(f)?
1
Suppose 0 = 3*d - 2*d - 6. What is the units digit of (d/9)/(8/60)?
5
Suppose 3*g + 100 = 7*g. Let y = 45 - g. What is the tens digit of y?
2
Let f(d) = -4*d**2 - d + 1. Let i = 3 + -1. Let r(g) = 3*g**2 + g - 1. Let u(s) = i*f(s) + 3*r(s). What is the units digit of u(-3)?
5
Suppose 0 = z - 6*z. Suppose -i - i + 30 = z. What is the units digit of i?
5
Let l(r) = -9*r + 11 - 1 + 1 + r**2. What is the tens digit of l(11)?
3
Let w(c) = -c**3 + 8*c**2 - 5*c + 5. Let f be w(7). Let u = -6 + f. What is the units digit of u?
3
Let r(v) = v**3 + 9*v**2 + 5*v - 7. Let t be r(-6). Suppose -4*p + t = -57. What is the tens digit of p?
3
Suppose 72 = 6*d - 24. What is the tens digit of d?
1
Let o be 0 + -2 - 25/(-5). Suppose -o*y + 15 = -3. What is the units digit of y?
6
Suppose -2*a + 27 = 5*v - 112, a = -3. What is the units digit of v?
9
Suppose 3*n + 30 = 4*i + 2*n, 2*n - 10 = -2*i. What is the units digit of (-195)/(-21) + (-2)/i?
9
Suppose -3*o - 19 + 184 = 0. Suppose -o = -9*d + 4*d. What is the units digit of d?
1
What is the tens digit of -3 + (-4 + 2 - -41)?
3
Let t(b) = -b**3 + 4*b**2 + 6*b - 7. Suppose 2*r = 4*r + 3*o - 7, 5*r + 2*o - 23 = 0. Let q be t(r). What is the tens digit of q*3/(-6) + 10?
1
What is the units digit of 24/(-42) - 218/(-14)?
5
Let l be (-202)/(-6) + (-4)/(-12). Let a = l - 20. What is the tens digit of a?
1
Let u(h) = h + 9. Suppose 4*c + 0*c - y = 23, 2*c - 5*y = 25. Suppose -c*p = 5*x + 55, 0 = 3*x - 4*p + p + 3. What is the units digit of u(x)?
3
Suppose 2*a = -a - 3. What is the tens digit of a - (-3 + -21 + 2)?
2
Suppose i - p - 27 = 0, 5*i + 4*p - 2*p = 142. What is the units digit of i?
8
Suppose 6 = o + 1, -4*i - 2*o = -10. Let k(c) be the first derivative of c**4/4 + c**2/2 + c - 1. What is the units digit of k(i)?
1
What is the units digit of (4 + (-30)/8)/(1/196)?
9
Suppose -3*k + 4*k - 3 = 0. Let b(v) = 4*v - k*v - 3 + 0. What is the units digit of b(8)?
5
Let r(b) = -b - 10. Let v be r(-11). Let n(c) = 17*c**2. What is the units digit of n(v)?
7
Suppose -3 = 5*g - 8. Let o = g + 8. What is the units digit of o?
9
Suppose -u = 16 - 193. What is the tens digit of u?
7
Suppose 4*i - 276 = -2*c, 3*i - 2*c - 2*c - 207 = 0. What is the units digit of i?
9
Let x(r) = -r**2 - 17*r - 1. What is the units digit of x(-15)?
9
Let w = -3 + 4. Let z = w - 10. What is the units digit of 2/6 + (-69)/z?
8
Let c = 10 + -5. Suppose -8*u + 9 = -f - 5*u, -c*u + 32 = 4*f. What is the units digit of (1/3)/(f/9)?
1
Let s(o) = -13*o - 22. Let a(h) = 4*h + 7. Let t(n) = 7*a(n) + 2*s(n). Let k(l) = -l - 2. Let c(f) = 11*k(f) + 6*t(f). What is the units digit of c(-4)?
4
Suppose 3*o - 24 - 45 = -3*h, 1 = -h. What is the tens digit of o?
2
Suppose -3*m + 2 + 10 = 0. Suppose -20 - m = -4*y. What is the units digit of 